the prime factors of 7552676.
2, 1888169
What are the prime factors of 13538753?
317, 42709
List the prime factors of 5359440.
2, 3, 5, 137, 163
List the prime factors of 156709.
7, 61, 367
List the prime factors of 310318.
2, 17, 9127
List the prime factors of 12838472.
2, 1604809
List the prime factors of 509619.
3, 11, 15443
What are the prime factors of 251287?
251287
List the prime factors of 1624417.
1624417
What are the prime factors of 226911?
3, 43, 1759
What are the prime factors of 2488502?
2, 59, 21089
What are the prime factors of 15951630?
2, 3, 5, 619, 859
List the prime factors of 1577851.
11, 191, 751
What are the prime factors of 204534?
2, 3, 11, 1033
What are the prime factors of 9087820?
2, 5, 7, 139, 467
What are the prime factors of 12798?
2, 3, 79
What are the prime factors of 372659?
7, 139, 383
What are the prime factors of 2241645?
3, 5, 7, 37, 577
List the prime factors of 18920671.
7, 11, 245723
List the prime factors of 13538314.
2, 6769157
What are the prime factors of 440496?
2, 3, 7, 19, 23
What are the prime factors of 5717534?
2, 53, 53939
List the prime factors of 26948099.
19, 37, 38333
List the prime factors of 2210083.
31, 71293
What are the prime factors of 4503?
3, 19, 79
What are the prime factors of 32245244?
2, 487, 16553
What are the prime factors of 408335?
5, 81667
What are the prime factors of 5404629?
3, 229, 7867
List the prime factors of 1988074.
2, 11, 23, 3929
List the prime factors of 8784292.
2, 11, 181, 1103
List the prime factors of 2022874.
2, 7, 31, 59, 79
List the prime factors of 1194382.
2, 7, 85313
List the prime factors of 40917.
3, 23, 593
List the prime factors of 909588.
2, 3, 229, 331
List the prime factors of 417027.
3, 13, 17, 37
List the prime factors of 582622.
2, 523, 557
What are the prime factors of 14959979?
14959979
List the prime factors of 772275.
3, 5, 7, 1471
What are the prime factors of 202471?
202471
List the prime factors of 111328.
2, 7, 71
List the prime factors of 365921.
19, 19259
List the prime factors of 7704565.
5, 11, 71, 1973
List the prime factors of 2541892.
2, 107, 5939
List the prime factors of 717702.
2, 3, 119617
List the prime factors of 23833784.
2, 13, 229171
What are the prime factors of 6541387?
313, 20899
What are the prime factors of 359278?
2, 17, 10567
List the prime factors of 220898.
2, 17, 73, 89
List the prime factors of 26879652.
2, 3, 17, 167, 263
What are the prime factors of 32723840?
2, 5, 51131
What are the prime factors of 7023280?
2, 5, 11, 23, 347
List the prime factors of 11541027.
3, 569, 6761
What are the prime factors of 3794429?
53, 71593
What are the prime factors of 827469?
3, 19, 1613
What are the prime factors of 481374?
2, 3, 47, 569
List the prime factors of 7696217.
7696217
List the prime factors of 10211188.
2, 13, 131, 1499
List the prime factors of 86732.
2, 21683
What are the prime factors of 5465557?
587, 9311
List the prime factors of 77906.
2, 38953
List the prime factors of 1575591.
3, 103, 5099
List the prime factors of 16182589.
17, 31, 30707
List the prime factors of 3085906.
2, 41, 37633
List the prime factors of 8484811.
19, 446569
What are the prime factors of 4766573?
7, 89, 1093
List the prime factors of 864530.
2, 5, 86453
What are the prime factors of 404063?
11, 109, 337
List the prime factors of 13854977.
199, 69623
List the prime factors of 5223577.
5223577
List the prime factors of 274420.
2, 5, 13721
List the prime factors of 1495039.
7, 13, 2347
List the prime factors of 447114.
2, 3, 43, 1733
List the prime factors of 560823.
3, 19, 9839
List the prime factors of 1013377.
1013377
What are the prime factors of 4221874?
2, 53, 39829
What are the prime factors of 2406185?
5, 151, 3187
List the prime factors of 2678927.
31, 103, 839
What are the prime factors of 1580553?
3, 13, 19, 79
List the prime factors of 16659225.
3, 5, 11, 53, 127
What are the prime factors of 507309?
3, 11, 15373
List the prime factors of 3458726.
2, 1729363
What are the prime factors of 12694537?
1033, 12289
What are the prime factors of 9716438?
2, 751, 6469
List the prime factors of 896242.
2, 448121
List the prime factors of 1158222.
2, 3, 13, 31, 479
What are the prime factors of 1611535?
5, 31, 37, 281
What are the prime factors of 38327?
38327
List the prime factors of 10403251.
10403251
What are the prime factors of 7832068?
2, 151, 12967
List the prime factors of 1946902.
2, 53, 18367
List the prime factors of 1876472.
2, 13, 18043
List the prime factors of 14218449.
3, 7, 139, 4871
What are the prime factors of 904623?
3, 331, 911
What are the prime factors of 198484?
2, 11, 13, 347
What are the prime factors of 524531?
7, 74933
What are the prime factors of 225908?
2, 56477
What are the prime factors of 58884?
2, 3, 7, 701
What are the prime factors of 361198?
2, 59, 3061
What are the prime factors of 5606214?
2, 3, 449, 2081
What are the prime factors of 423862?
2, 211931
What are the prime factors of 92544?
2, 3, 241
What are the prime factors of 3565290?
2, 3, 5, 118843
List the prime factors of 121316.
2, 13, 2333
List the prime factors of 488436.
2, 3, 13, 31, 101
List the prime factors of 18121967.
1787, 10141
List the prime factors of 10936952.
2, 13, 103, 1021
What are the prime factors of 1562768?
2, 97673
What are the prime factors of 1421127?
3, 269, 587
List the prime factors of 169526.
2, 7, 12109
What are the prime factors of 17064642?
2, 3, 7, 58043
List the prime factors of 7751071.
751, 10321
What are the prime factors of 238036?
2, 59509
What are the prime factors of 753733?
23, 32771
What are the prime factors of 183793?
23, 61, 131
List the prime factors of 5781298.
2, 2890649
List the prime factors of 302704.
2, 18919
List the prime factors of 1795131.
3, 13, 67, 229
What are the prime factors of 18914428?
2, 13, 53, 6863
What are the prime factors of 312655?
5, 7, 8933
What are the prime factors of 2166499?
307, 7057
List the prime factors of 3659723.
19, 192617
List the prime factors of 214877.
13, 16529
What are the prime factors of 15237422?
2, 7618711
What are the prime factors of 1552645?
5, 47, 6607
List the prime factors of 152729.
152729
What are the prime factors of 781649?
11, 71059
What are the prime factors of 11355714?
2, 3, 191, 367
What are the prime factors of 41849?
41849
List the prime factors of 120920.
2, 5, 3023
List the prime factors of 249613.
7, 13, 211
What are the prime factors of 215492?
2, 17, 3169
List the prime factors of 21384672.
2, 3, 337, 661
List the prime factors of 1143103.
13, 87931
List the prime factors of 72094.
2, 11, 29, 113
List the prime factors of 20510060.
2, 5, 1025503
What are the prime factors of 838209?
3, 31, 9013
What are the prime factors of 196389?
3, 21821
List the prime factors of 705882.
2, 3, 71, 1657
What are the prime factors of 310389?
3, 157, 659
List the prime factors of 39773.
31, 1283
List the prime factors of 982817.
11, 47, 1901
What are the prime factors of 7415663?
7415663
What are the prime factors of 14861875?
5, 7, 43, 79
What are the prime factors of 20369204?
2, 1877, 2713
List the prime factors of 1089757.
1089757
List the prime factors of 469108.
2, 23, 5099
What are the prime factors of 194609?
194609
List the prime factors of 405350.
2, 5, 11, 67
List the prime factors of 4236116.
2, 1059029
List the prime factors of 9591.
3, 23, 139
What are the prime factors of 212076?
2, 3, 43, 137
What are the prime factors of 8021901?
3, 31, 86257
What are the prime factors of 5561180?
2, 5, 109, 2551
What are the prime factors of 23298732?
2, 3, 31, 6959
List the prime factors of 672639.
3, 11, 17, 109
What are the prime factors of 1709322?
2, 3, 347, 821
What are the prime factors of 728691?
3, 293, 829
What are the prime factors of 1232801?
1232801
What are the prime factors of 438878?
2, 11, 19949
What are the prime factors of 97745?
5, 113, 173
List the prime factors of 1126818.
2, 3, 7, 11, 271
What are the prime factors of 30090761?
41, 733921
List the prime factors of 2720431.
7, 59, 941
What are the prime factors of 175072?
2, 5471
List the prime factors of 290837.
290837
What are the prime factors of 173728?
2, 61, 89
What are the prime factors of 20550944?
2, 642217
What are the prime factors of 2746641